+ 4*h**2 + h. Let u be s(3). What is the highest common divisor of 12 and u?
12
Suppose 2*d - 47 = -41. Calculate the greatest common factor of d and 33.
3
Let x be 2/5 + (-13)/(-5). What is the greatest common divisor of 6 and x?
3
Let h(s) = 1 - 2 - s + s**3 + 0*s - 2*s**2. Let d be h(3). Suppose i + 25 = j, -3*j - 18 + 93 = -2*i. What is the highest common factor of d and j?
5
Suppose -3*z + 16 + 11 = 0. Suppose w = -3*b + 7 - 1, -9 = 3*w. What is the highest common divisor of z and b?
3
Suppose 4*a = -90 + 6. Let s be 3/a - 678/(-42). Calculate the highest common divisor of s and 40.
8
Let v(d) = 3*d + 3. Let b be v(9). Calculate the highest common factor of 15 and b.
15
Let z = -19 + 28. Let r be ((-8)/(-6))/(2/z). Calculate the highest common factor of 6 and r.
6
Let i = 33 - 20. Calculate the highest common divisor of 143 and i.
13
Suppose -j + 26 = -0*j. Suppose -s + j = s. Suppose 5*w - 4*w - s = 0. What is the greatest common factor of 13 and w?
13
Suppose 2*l = -5*v + 182, -4*v + 191 = -3*l + 50. What is the highest common factor of 12 and v?
12
Let y = -49 - -55. What is the greatest common divisor of y and 3?
3
Let p(k) = -k**3 + 22*k**2 + 26*k + 6. Let a be p(23). What is the highest common divisor of a and 30?
15
Let m be (-8 - -4 - -62) + -2. What is the highest common factor of m and 140?
28
Let p = -3 - -6. Let w be 1 + p - (-4)/(-2). Let v = 30 + -12. Calculate the greatest common divisor of w and v.
2
Let r be 15 + 2 + (-5)/1. Let t = -7 + 11. Suppose 0 = 2*p - 2*l - r, -t*p - 6*l = -4*l - 54. Calculate the highest common divisor of 33 and p.
11
Let j = 17 + -2. Calculate the greatest common factor of j and 30.
15
Suppose 4*w = -4*i + 336, 0*w - 2*w = -8. Calculate the greatest common factor of 30 and i.
10
Let h = -5 + 0. Let i be 1 + 1 - 190/h. Suppose -3*n = 5*m - 25, 0*n + 25 = 5*m - 3*n. What is the greatest common divisor of m and i?
5
Let y = -11 + 16. Suppose -y = q - 2*j - 2, 2*j = 3*q + 1. Let g be 1/(q + (-117)/120). Calculate the greatest common divisor of g and 10.
10
Let t = 15 - 9. Calculate the greatest common divisor of 30 and t.
6
Let v(s) = -s**3 + 2*s**2 + 4*s + 2. Let h be v(-3). What is the greatest common factor of 7 and h?
7
Let q(g) = -g**3 + 9*g**2 + 7. Let w be q(9). Suppose -5*s - 33 = -4*m, 23 = -3*m + w*m - 3*s. Let k = 3 + m. Calculate the greatest common factor of 55 and k.
5
Let n(x) = x**2 - 17*x - 30. Let v be n(21). Calculate the greatest common factor of 72 and v.
18
Suppose 0 = -4*a + 2*u + 70, 4*a + 4*u - 2 - 50 = 0. What is the highest common divisor of a and 40?
8
Let f(h) = 10*h + 1. Let m be f(1). Let c be (-2)/(-6)*3 + m. Suppose 3*k = 5*r + 88, 0*k + 2*r = -k + 44. Calculate the greatest common divisor of k and c.
12
Suppose w + 0*w = 9. Let l = 14 - w. Let g(p) = p**3 + 7*p**2 + p + 5. Let b be g(-6). What is the greatest common factor of l and b?
5
Let c be 3 - 0/2*(-23)/(-46). What is the highest common factor of c and 7?
1
Let c(m) = 2*m + 6. Let v be c(5). Suppose -2*b = -9 - 1. Let w(f) = 6*f - 6. Let q be w(b). Calculate the highest common divisor of v and q.
8
Let b(g) = 9*g - 2. Let y be 6/(-42) + (-15)/(-7). Let t be b(y). Calculate the greatest common divisor of t and 48.
16
Let w = 69 + -65. Calculate the greatest common factor of w and 16.
4
Suppose -2*h = -63 - 153. Let v = 43 - 16. Calculate the highest common divisor of v and h.
27
Let g = 56 + -47. Calculate the highest common factor of 1 and g.
1
Suppose -3*a = -6*a + 744. What is the highest common divisor of a and 31?
31
Suppose -424 = -3*y - 124. Calculate the greatest common divisor of 40 and y.
20
Let v(m) = m**3 - 2*m**2 - 3*m + 4. Let a be v(3). Suppose 0*u - a*i = -5*u + 60, 5*u = 2*i + 60. Calculate the highest common divisor of 30 and u.
6
Let j = 5 + 3. Calculate the highest common divisor of j and 44.
4
Let t(i) = -10*i - 2. Let f be t(-1). Suppose 4*a = -3*q + 350 - 66, 420 = 5*q - 4*a. Calculate the greatest common factor of f and q.
8
Let w(f) = 5*f**2 + 3*f. Let b be w(-2). Let v = 62 - 41. What is the highest common divisor of v and b?
7
Let j = -34 + 48. Let z = -128 - -170. Calculate the greatest common factor of z and j.
14
Let q(n) = n + 40. Let w be q(16). Let a(k) = -k**2 + 7. Let l be a(0). What is the greatest common factor of l and w?
7
Let a be 1*77*(78/(-21) + 4). Calculate the greatest common factor of a and 44.
22
Let g(t) = -2*t + 16. Let i be g(0). Calculate the greatest common factor of 128 and i.
16
Suppose -2*f = -6, 4*g - f - 113 = 4*f. Let i(l) = l - 1. Let o be i(5). What is the highest common divisor of g and o?
4
Suppose 0 = -3*v + 149 + 13. Calculate the greatest common divisor of 6 and v.
6
Let n(p) = p**3 + 15*p**2 + 12*p + 4. Let r be n(-14). Let s = -19 - -5. Let v = 62 + s. What is the greatest common factor of v and r?
16
Suppose -912 - 80 = -4*w. What is the highest common divisor of w and 31?
31
Suppose 4*g + 124 = 3*y - 7*y, 4*y = 4*g - 132. Let b = y - -58. What is the highest common divisor of b and 65?
13
Let m = -55 - -80. What is the greatest common divisor of 25 and m?
25
Let j be 830/9 + (-12)/54. What is the greatest common divisor of 23 and j?
23
Suppose 0 = 3*x - 2*q - 56, -2*q - 21 = -4*x + 55. What is the greatest common factor of 50 and x?
10
Let b = -19 + 22. Let i be 4 - b - (-105 - -1). What is the highest common factor of i and 15?
15
Let v be (-2)/(-11) + (-194)/(-22). Let i = v + 4. Calculate the highest common factor of 13 and i.
13
Let k = -28 + 34. Let t be 721/35 - k/10. What is the greatest common divisor of t and 60?
20
Let q be -3 + (-3 - -6) + -4. Let d be 0*q/(-4) - -30. Calculate the highest common divisor of d and 30.
30
Suppose -1259 = -5*h + 2*v + v, -5*h = 4*v - 1273. Calculate the highest common factor of h and 23.
23
Let x be (-3)/((-1)/12 - 0). Let h = 7 - 4. Suppose c = -4*m - 4*c + 23, -m - h*c - 3 = 0. Calculate the greatest common divisor of m and x.
12
Let w = -321 - -457. Calculate the highest common factor of w and 17.
17
Let g be (-1 + 1 - -1) + 3. Let r = -9 - -16. Let z be (-1)/(-3)*420/r. Calculate the highest common divisor of z and g.
4
Let j be (-434)/(-35) - (-4)/(-10). Calculate the greatest common divisor of j and 12.
12
Let k = -16 - -36. Let y be k/15*(48 - 0). What is the highest common divisor of y and 8?
8
Let u(k) = k**3 + 7*k**2 - 9*k + 9. Let v be u(-7). What is the greatest common divisor of 9 and v?
9
Let j(c) = -c + 4. Let o be j(0). Let x = o - 1. What is the greatest common divisor of x and 15?
3
Let u = 9 - 6. Suppose 0*o = -u*o + 45. Calculate the greatest common factor of o and 45.
15
Let w = 12 - 7. Let a be 6/(-4)*5*-4. Calculate the greatest common factor of a and w.
5
Let j be 9/(-1 - 6/(-3)). Let w be (1 + -2 - 1) + 47. What is the highest common divisor of w and j?
9
Suppose 0 = r + g - 5*g - 18, -40 = -3*r + 5*g. Let k(y) = y**2 - 10*y + 6. Let v be k(r). What is the greatest common factor of v and 9?
3
Let f = -14 + 42. Calculate the highest common divisor of 28 and f.
28
Suppose -g = -4*g. Suppose 4*k - 66 = -5*b, -5*b + g*k + 38 = -3*k. What is the highest common divisor of 15 and b?
5
Let g be 10/(-2)*(-3)/15. Let j be (-23 + -3)*g/(-2). Suppose 2*t - 27 - j = 0. Calculate the greatest common factor of t and 10.
10
Let a(t) = -10*t - 7. Let j be a(-3). Calculate the greatest common divisor of 161 and j.
23
Let q(p) = p**2 + 7*p + 21. Let h be q(-16). What is the highest common divisor of h and 15?
15
Suppose 3*f - 215 = 8*p - 4*p, -5*f - 5*p = -300. Suppose -28 - 4 = 4*q. Let g be (2/q)/((-1)/52). What is the highest common divisor of g and f?
13
Let k = 71 + -56. What is the greatest common divisor of k and 135?
15
Suppose 0 = 3*g - 4*r - 7, 4*g - 3*r - 2*r = 9. Let b be g/((-1)/(-2) - 0). Suppose 111 = b*x + 41. What is the highest common factor of x and 7?
7
Suppose 5*l - 12 = 8. Let c(a) = 6*a**2 - l - a**3 - a + a. Let t be c(5). What is the greatest common divisor of t and 14?
7
Let v(b) = 4*b**3 + 3*b**2 - 3*b. Let a be v(2). What is the greatest common divisor of 19 and a?
19
Let d(r) = r. Let p(b) = 1. Let f(s) = -3*d(s) - 2*p(s). Let x be f(-2). Calculate the highest common divisor of 20 and x.
4
Let i be 1/(-1 + (-6)/(-5)). Suppose 8 = y + i*b, -5*y + 0*b = -5*b + 50. 